{"id":64,"date":"2025-03-25T15:45:29","date_gmt":"2025-03-25T15:45:29","guid":{"rendered":"https:\/\/le-mans.adventiste.net\/?page_id=64"},"modified":"2025-03-27T12:16:26","modified_gmt":"2025-03-27T11:16:26","slug":"annonces","status":"publish","type":"page","link":"https:\/\/le-mans.adventiste.net\/index.php\/annonces\/","title":{"rendered":"Annonces"},"content":{"rendered":"\t\t<div data-elementor-type=\"wp-page\" data-elementor-id=\"64\" class=\"elementor elementor-64\">\n\t\t\t\t<div class=\"elementor-element elementor-element-fe75917 e-flex e-con-boxed e-con e-parent\" data-id=\"fe75917\" data-element_type=\"container\" data-e-type=\"container\" data-settings=\"{&quot;background_background&quot;:&quot;classic&quot;}\">\n\t\t\t\t\t<div class=\"e-con-inner\">\n\t\t\t\t<div class=\"elementor-element elementor-element-48502a1 elementor-widget elementor-widget-heading\" data-id=\"48502a1\" data-element_type=\"widget\" data-e-type=\"widget\" data-widget_type=\"heading.default\">\n\t\t\t\t<div class=\"elementor-widget-container\">\n\t\t\t\t\t<h2 class=\"elementor-heading-title elementor-size-default\">Annonces<\/h2>\t\t\t\t<\/div>\n\t\t\t\t<\/div>\n\t\t\t\t\t<\/div>\n\t\t\t\t<\/div>\n\t\t<div class=\"elementor-element elementor-element-099b9a7 e-flex e-con-boxed e-con e-parent\" data-id=\"099b9a7\" data-element_type=\"container\" data-e-type=\"container\">\n\t\t\t\t\t<div class=\"e-con-inner\">\n\t\t\t\t<div class=\"elementor-element elementor-element-7eb4a8e elementor-widget elementor-widget-tec_events_elementor_widget_event_calendar_link\" data-id=\"7eb4a8e\" data-element_type=\"widget\" data-e-type=\"widget\" data-widget_type=\"tec_events_elementor_widget_event_calendar_link.default\">\n\t\t\t\t<div class=\"elementor-widget-container\">\n\t\t\t\t\t<p  class=\"tec-events-back\" >\n\t<a href=\"https:\/\/le-mans.adventiste.net\/index.php\/events\/\" >&laquo; Tous les \u00c9v\u00e8nements<\/a>\n<\/p>\t\t\t\t<\/div>\n\t\t\t\t<\/div>\n\t\t\t\t\t<\/div>\n\t\t\t\t<\/div>\n\t\t\t\t<\/div>\n\t\t","protected":false},"excerpt":{"rendered":"<p>Annonces &laquo; Tous les \u00c9v\u00e8nements<\/p>\n","protected":false},"author":1,"featured_media":0,"parent":0,"menu_order":0,"comment_status":"closed","ping_status":"closed","template":"","meta":{"_eb_attr":"","_monsterinsights_skip_tracking":false,"_monsterinsights_sitenote_active":false,"_monsterinsights_sitenote_note":"","_monsterinsights_sitenote_category":0,"_uf_show_specific_survey":0,"_uf_disable_surveys":false,"site-sidebar-layout":"default","site-content-layout":"","ast-site-content-layout":"default","site-content-style":"default","site-sidebar-style":"default","ast-global-header-display":"","ast-banner-title-visibility":"","ast-main-header-display":"","ast-hfb-above-header-display":"","ast-hfb-below-header-display":"","ast-hfb-mobile-header-display":"","site-post-title":"","ast-breadcrumbs-content":"","ast-featured-img":"","footer-sml-layout":"","ast-disable-related-posts":"","theme-transparent-header-meta":"","adv-header-id-meta":"","stick-header-meta":"","header-above-stick-meta":"","header-main-stick-meta":"","header-below-stick-meta":"","astra-migrate-meta-layouts":"default","ast-page-background-enabled":"default","ast-page-background-meta":{"desktop":{"background-color":"var(--ast-global-color-5)","background-image":"","background-repeat":"repeat","background-position":"center center","background-size":"auto","background-attachment":"scroll","background-type":"","background-media":"","overlay-type":"","overlay-color":"","overlay-opacity":"","overlay-gradient":""},"tablet":{"background-color":"","background-image":"","background-repeat":"repeat","background-position":"center center","background-size":"auto","background-attachment":"scroll","background-type":"","background-media":"","overlay-type":"","overlay-color":"","overlay-opacity":"","overlay-gradient":""},"mobile":{"background-color":"","background-image":"","background-repeat":"repeat","background-position":"center center","background-size":"auto","background-attachment":"scroll","background-type":"","background-media":"","overlay-type":"","overlay-color":"","overlay-opacity":"","overlay-gradient":""}},"ast-content-background-meta":{"desktop":{"background-color":"var(--ast-global-color-4)","background-image":"","background-repeat":"repeat","background-position":"center center","background-size":"auto","background-attachment":"scroll","background-type":"","background-media":"","overlay-type":"","overlay-color":"","overlay-opacity":"","overlay-gradient":""},"tablet":{"background-color":"var(--ast-global-color-4)","background-image":"","background-repeat":"repeat","background-position":"center center","background-size":"auto","background-attachment":"scroll","background-type":"","background-media":"","overlay-type":"","overlay-color":"","overlay-opacity":"","overlay-gradient":""},"mobile":{"background-color":"var(--ast-global-color-4)","background-image":"","background-repeat":"repeat","background-position":"center center","background-size":"auto","background-attachment":"scroll","background-type":"","background-media":"","overlay-type":"","overlay-color":"","overlay-opacity":"","overlay-gradient":""}},"footnotes":""},"class_list":["post-64","page","type-page","status-publish","hentry"],"yoast_head":"<!-- This site is optimized with the Yoast SEO plugin v27.6 - https:\/\/yoast.com\/product\/yoast-seo-wordpress\/ -->\n<title>Annonces - Eglise adventiste du Septi\u00e8me jour du Mans<\/title>\n<meta name=\"robots\" content=\"index, follow, max-snippet:-1, max-image-preview:large, max-video-preview:-1\" \/>\n<link rel=\"canonical\" href=\"https:\/\/le-mans.adventiste.net\/index.php\/annonces\/\" \/>\n<meta property=\"og:locale\" content=\"fr_FR\" \/>\n<meta property=\"og:type\" content=\"article\" \/>\n<meta property=\"og:title\" content=\"Annonces - Eglise adventiste du Septi\u00e8me jour du Mans\" \/>\n<meta property=\"og:description\" content=\"Annonces &laquo; Tous les \u00c9v\u00e8nements\" \/>\n<meta property=\"og:url\" content=\"https:\/\/le-mans.adventiste.net\/index.php\/annonces\/\" \/>\n<meta property=\"og:site_name\" content=\"Eglise adventiste du Septi\u00e8me jour du Mans\" \/>\n<meta property=\"article:publisher\" content=\"https:\/\/www.facebook.com\/egliseadventistedumans\" \/>\n<meta property=\"article:modified_time\" content=\"2025-03-27T11:16:26+00:00\" \/>\n<meta name=\"twitter:card\" content=\"summary_large_image\" \/>\n<meta name=\"twitter:label1\" content=\"Dur\u00e9e de lecture estim\u00e9e\" \/>\n\t<meta name=\"twitter:data1\" content=\"1 minute\" \/>\n<script type=\"application\/ld+json\" class=\"yoast-schema-graph\">{\"@context\":\"https:\\\/\\\/schema.org\",\"@graph\":[{\"@type\":\"WebPage\",\"@id\":\"https:\\\/\\\/le-mans.adventiste.net\\\/index.php\\\/annonces\\\/\",\"url\":\"https:\\\/\\\/le-mans.adventiste.net\\\/index.php\\\/annonces\\\/\",\"name\":\"Annonces - Eglise adventiste du Septi\u00e8me jour du Mans\",\"isPartOf\":{\"@id\":\"https:\\\/\\\/le-mans.adventiste.net\\\/#website\"},\"datePublished\":\"2025-03-25T15:45:29+00:00\",\"dateModified\":\"2025-03-27T11:16:26+00:00\",\"breadcrumb\":{\"@id\":\"https:\\\/\\\/le-mans.adventiste.net\\\/index.php\\\/annonces\\\/#breadcrumb\"},\"inLanguage\":\"fr-FR\",\"potentialAction\":[{\"@type\":\"ReadAction\",\"target\":[\"https:\\\/\\\/le-mans.adventiste.net\\\/index.php\\\/annonces\\\/\"]}]},{\"@type\":\"BreadcrumbList\",\"@id\":\"https:\\\/\\\/le-mans.adventiste.net\\\/index.php\\\/annonces\\\/#breadcrumb\",\"itemListElement\":[{\"@type\":\"ListItem\",\"position\":1,\"name\":\"Accueil\",\"item\":\"https:\\\/\\\/le-mans.adventiste.net\\\/\"},{\"@type\":\"ListItem\",\"position\":2,\"name\":\"Annonces\"}]},{\"@type\":\"WebSite\",\"@id\":\"https:\\\/\\\/le-mans.adventiste.net\\\/#website\",\"url\":\"https:\\\/\\\/le-mans.adventiste.net\\\/\",\"name\":\"Eglise adventiste du Septi\u00e8me jour du Mans\",\"description\":\"\",\"publisher\":{\"@id\":\"https:\\\/\\\/le-mans.adventiste.net\\\/#organization\"},\"potentialAction\":[{\"@type\":\"SearchAction\",\"target\":{\"@type\":\"EntryPoint\",\"urlTemplate\":\"https:\\\/\\\/le-mans.adventiste.net\\\/?s={search_term_string}\"},\"query-input\":{\"@type\":\"PropertyValueSpecification\",\"valueRequired\":true,\"valueName\":\"search_term_string\"}}],\"inLanguage\":\"fr-FR\"},{\"@type\":\"Organization\",\"@id\":\"https:\\\/\\\/le-mans.adventiste.net\\\/#organization\",\"name\":\"Eglise adventiste du Septi\u00e8me jour du Mans\",\"url\":\"https:\\\/\\\/le-mans.adventiste.net\\\/\",\"logo\":{\"@type\":\"ImageObject\",\"inLanguage\":\"fr-FR\",\"@id\":\"https:\\\/\\\/le-mans.adventiste.net\\\/#\\\/schema\\\/logo\\\/image\\\/\",\"url\":\"https:\\\/\\\/le-mans.adventiste.net\\\/wp-content\\\/uploads\\\/2026\\\/05\\\/WhatsApp_Image_2026-05-12_at_11.15.31-removebg-preview.png\",\"contentUrl\":\"https:\\\/\\\/le-mans.adventiste.net\\\/wp-content\\\/uploads\\\/2026\\\/05\\\/WhatsApp_Image_2026-05-12_at_11.15.31-removebg-preview.png\",\"width\":500,\"height\":500,\"caption\":\"Eglise adventiste du Septi\u00e8me jour du Mans\"},\"image\":{\"@id\":\"https:\\\/\\\/le-mans.adventiste.net\\\/#\\\/schema\\\/logo\\\/image\\\/\"},\"sameAs\":[\"https:\\\/\\\/www.facebook.com\\\/egliseadventistedumans\",\"https:\\\/\\\/www.instagram.com\\\/eglise_adventiste_du_mans\\\/\"]}]}<\/script>\n<!-- \/ Yoast SEO plugin. -->","yoast_head_json":{"title":"Annonces - Eglise adventiste du Septi\u00e8me jour du Mans","robots":{"index":"index","follow":"follow","max-snippet":"max-snippet:-1","max-image-preview":"max-image-preview:large","max-video-preview":"max-video-preview:-1"},"canonical":"https:\/\/le-mans.adventiste.net\/index.php\/annonces\/","og_locale":"fr_FR","og_type":"article","og_title":"Annonces - Eglise adventiste du Septi\u00e8me jour du Mans","og_description":"Annonces &laquo; Tous les \u00c9v\u00e8nements","og_url":"https:\/\/le-mans.adventiste.net\/index.php\/annonces\/","og_site_name":"Eglise adventiste du Septi\u00e8me jour du Mans","article_publisher":"https:\/\/www.facebook.com\/egliseadventistedumans","article_modified_time":"2025-03-27T11:16:26+00:00","twitter_card":"summary_large_image","twitter_misc":{"Dur\u00e9e de lecture estim\u00e9e":"1 minute"},"schema":{"@context":"https:\/\/schema.org","@graph":[{"@type":"WebPage","@id":"https:\/\/le-mans.adventiste.net\/index.php\/annonces\/","url":"https:\/\/le-mans.adventiste.net\/index.php\/annonces\/","name":"Annonces - Eglise adventiste du Septi\u00e8me jour du Mans","isPartOf":{"@id":"https:\/\/le-mans.adventiste.net\/#website"},"datePublished":"2025-03-25T15:45:29+00:00","dateModified":"2025-03-27T11:16:26+00:00","breadcrumb":{"@id":"https:\/\/le-mans.adventiste.net\/index.php\/annonces\/#breadcrumb"},"inLanguage":"fr-FR","potentialAction":[{"@type":"ReadAction","target":["https:\/\/le-mans.adventiste.net\/index.php\/annonces\/"]}]},{"@type":"BreadcrumbList","@id":"https:\/\/le-mans.adventiste.net\/index.php\/annonces\/#breadcrumb","itemListElement":[{"@type":"ListItem","position":1,"name":"Accueil","item":"https:\/\/le-mans.adventiste.net\/"},{"@type":"ListItem","position":2,"name":"Annonces"}]},{"@type":"WebSite","@id":"https:\/\/le-mans.adventiste.net\/#website","url":"https:\/\/le-mans.adventiste.net\/","name":"Eglise adventiste du Septi\u00e8me jour du Mans","description":"","publisher":{"@id":"https:\/\/le-mans.adventiste.net\/#organization"},"potentialAction":[{"@type":"SearchAction","target":{"@type":"EntryPoint","urlTemplate":"https:\/\/le-mans.adventiste.net\/?s={search_term_string}"},"query-input":{"@type":"PropertyValueSpecification","valueRequired":true,"valueName":"search_term_string"}}],"inLanguage":"fr-FR"},{"@type":"Organization","@id":"https:\/\/le-mans.adventiste.net\/#organization","name":"Eglise adventiste du Septi\u00e8me jour du Mans","url":"https:\/\/le-mans.adventiste.net\/","logo":{"@type":"ImageObject","inLanguage":"fr-FR","@id":"https:\/\/le-mans.adventiste.net\/#\/schema\/logo\/image\/","url":"https:\/\/le-mans.adventiste.net\/wp-content\/uploads\/2026\/05\/WhatsApp_Image_2026-05-12_at_11.15.31-removebg-preview.png","contentUrl":"https:\/\/le-mans.adventiste.net\/wp-content\/uploads\/2026\/05\/WhatsApp_Image_2026-05-12_at_11.15.31-removebg-preview.png","width":500,"height":500,"caption":"Eglise adventiste du Septi\u00e8me jour du Mans"},"image":{"@id":"https:\/\/le-mans.adventiste.net\/#\/schema\/logo\/image\/"},"sameAs":["https:\/\/www.facebook.com\/egliseadventistedumans","https:\/\/www.instagram.com\/eglise_adventiste_du_mans\/"]}]}},"_links":{"self":[{"href":"https:\/\/le-mans.adventiste.net\/index.php\/wp-json\/wp\/v2\/pages\/64","targetHints":{"allow":["GET"]}}],"collection":[{"href":"https:\/\/le-mans.adventiste.net\/index.php\/wp-json\/wp\/v2\/pages"}],"about":[{"href":"https:\/\/le-mans.adventiste.net\/index.php\/wp-json\/wp\/v2\/types\/page"}],"author":[{"embeddable":true,"href":"https:\/\/le-mans.adventiste.net\/index.php\/wp-json\/wp\/v2\/users\/1"}],"replies":[{"embeddable":true,"href":"https:\/\/le-mans.adventiste.net\/index.php\/wp-json\/wp\/v2\/comments?post=64"}],"version-history":[{"count":22,"href":"https:\/\/le-mans.adventiste.net\/index.php\/wp-json\/wp\/v2\/pages\/64\/revisions"}],"predecessor-version":[{"id":1212,"href":"https:\/\/le-mans.adventiste.net\/index.php\/wp-json\/wp\/v2\/pages\/64\/revisions\/1212"}],"wp:attachment":[{"href":"https:\/\/le-mans.adventiste.net\/index.php\/wp-json\/wp\/v2\/media?parent=64"}],"curies":[{"name":"wp","href":"https:\/\/api.w.org\/{rel}","templated":true}]}}